pose -9*u + w = -10*u + 131, 3*w = u - 119. What is the highest common divisor of u and 384?
128
Let z(q) = q**2 - 7*q - 2. Let c be z(8). Let v be (c - 4)/2 + 21. What is the highest common factor of 242 and v?
22
Let z(l) = l + 95. Let q be z(0). Suppose 27*f + 342 = 45*f. Calculate the greatest common divisor of q and f.
19
Let s(z) = -8*z**2 - z + 2. Let t be s(2). Let m = t - -26. Let c = m + 20. What is the greatest common divisor of c and 42?
14
Suppose -f = -4*i + 8*i + 1, 0 = -5*f - 25. Calculate the highest common divisor of 2 and i.
1
Suppose z - 978 = -5*g - 0*z, -591 = -3*g - 2*z. What is the greatest common factor of g and 60?
15
Suppose 0 = 4*c - n + 165, 5*c - 2*n - 2*n = -220. Let v = c - -74. Suppose -5*i - t + v = t, 2 = -i + 4*t. What is the greatest common divisor of i and 4?
2
Let u(b) = -4*b**2 - 56*b - 5. Let k be u(-12). What is the greatest common factor of k and 7?
7
Let o(d) be the third derivative of -d**4/24 + 3*d**3 + 11*d**2. Let u be o(7). Let r = 19 + -8. Calculate the highest common factor of r and u.
11
Let w = -280 - -472. Calculate the greatest common factor of w and 60.
12
Suppose -u + 84 = -4*o - 0*o, -u = 5*o - 120. Calculate the greatest common factor of u and 100.
100
Let a = -738 + 886. What is the highest common divisor of a and 814?
74
Let q be 0 + (1 - 0) + 9. Let g = 23 + -21. Suppose -78 = -g*j - 38. What is the greatest common divisor of j and q?
10
Suppose -42*c + 65635 = -25043. What is the greatest common factor of c and 17?
17
Let u = 1881 - 1827. What is the greatest common factor of u and 297?
27
Let b(a) = 25*a**2 - 14*a + 15. Let g be b(1). What is the highest common factor of g and 130?
26
Let y(w) be the second derivative of -2*w**5 - w**4/6 + w**3/6 - w**2 - 2*w. Let a be y(-2). Calculate the highest common factor of a and 28.
28
Let s(m) = 25*m**3 + 2*m - 2. Let v = -7 - -8. Let f be s(v). What is the highest common factor of 275 and f?
25
Let g(y) = -2*y**2 + 17*y - 7. Let f be g(7). What is the highest common divisor of f and 266?
14
Let g be (-2)/4*(2 + -12). Let u be (-45 - -9)/((-2)/(2/1)). Let n be (3/(18/20))/(u/378). What is the highest common divisor of g and n?
5
Let w be (-2174)/(-14) + (-8)/28. Let o = w + -148. Calculate the highest common divisor of 98 and o.
7
Suppose -2*q - 176 = 2*o - 4, -5*o = -3*q - 234. Let p = -58 - q. Calculate the highest common factor of 175 and p.
25
Let g = -15 - -44. Suppose 0*d = 5*d - 435. Calculate the highest common divisor of d and g.
29
Let t(o) = -12*o - 32. Let i(y) = -y**3 - 22*y**2 - 20*y + 5. Let s be i(-21). Let l be t(s). What is the greatest common divisor of 40 and l?
40
Let n = 574 + -350. Calculate the highest common divisor of 32 and n.
32
Suppose 0*q = -2*q. Let p be q + -4 - (-10 + -2). Calculate the highest common factor of p and 4.
4
Suppose 850 = 9*i - 1544. Let v be (-1 - -5)*1138/4. Suppose -v + i = -5*o + 2*l, -3*o = l - 532. What is the highest common factor of 22 and o?
22
Suppose 3*w = -15, -5*d - w - 61 = -516. Suppose 0 = 4*b + o + o - 90, -b - 5*o + 18 = 0. Calculate the greatest common divisor of b and d.
23
Let k = 167 - 144. Calculate the greatest common factor of 23 and k.
23
Suppose -l + 5*l + 3*j - 49 = 0, 57 = 2*l - 5*j. Let t be l/104 - 245/(-13). What is the highest common factor of 57 and t?
19
Suppose o - 94 = -26. What is the highest common divisor of 4 and o?
4
Suppose -40*p = -25*p - 3150. Let f be (-63)/3*10/(-6). Calculate the greatest common factor of p and f.
35
Suppose -4*d = -151 - 137. Let w = -186 + 366. Calculate the highest common divisor of d and w.
36
Suppose 3*r - 482 = 4*o, 3*r + 9*o - 4*o - 437 = 0. What is the greatest common factor of r and 22?
22
Let y(s) = s**3 - 26*s**2 + 45*s + 53. Let i be y(25). What is the highest common divisor of i and 7?
7
Suppose -7*s = -8*s + 2*t + 39, 0 = -s + 4*t + 43. Suppose w - 284 = -0*w + u, 4*u = -5*w + 1384. Calculate the highest common factor of w and s.
35
Let y(j) = -3*j + 84. Let x(g) = g - 28. Let s(h) = 17*x(h) + 6*y(h). Let u be s(24). What is the greatest common factor of u and 20?
4
Suppose 5*d - 112 = -h, -3*d + 108 = 16*h - 15*h. Calculate the highest common divisor of h and 255.
51
Suppose 2*b - 3*x = 6, 0*x + 12 = 4*b + x. Suppose -2*k + 61 = -3*z, -k + 26 = -2*z - b. Calculate the highest common factor of k and 7.
7
Let s be (-2184)/84 + 1*(-4)/(-2). Let c be (-29)/(-2) + (-12)/s. Let w be (0/2 - 1) + 7. Calculate the highest common factor of c and w.
3
Suppose -2*b - q = -648 - 2777, 0 = -q + 1. Calculate the greatest common factor of 107 and b.
107
Let c(z) = -z**2 - 14*z + 6. Let l be c(-12). Calculate the highest common factor of l and 160.
10
Let o be (196/56)/(1/20). Suppose 6*x - 112 = 2*x. Calculate the highest common factor of o and x.
14
Let n(s) = -s + 10. Let i be n(10). Suppose i*q + 3*q - 51 = 0. What is the greatest common factor of 34 and q?
17
Suppose -12 + 0 = -2*x. Let r be (0 - (-18)/(-8))/((-12)/32). Calculate the highest common factor of r and x.
6
Let u = -45 - -35. Let c be (3/(9/u))/((-50)/225). What is the highest common factor of c and 10?
5
Let j = -23 + 32. Suppose 119 - 7 = -2*n. Let y = 7 - n. What is the greatest common divisor of y and j?
9
Let y be (4 - 2) + 20/1. Let z be 784/35 - 2/5. Calculate the greatest common divisor of z and y.
22
Let x be (-2)/(-3) + 50/15. Let a be ((-12)/(-21))/(x/238). Calculate the greatest common factor of a and 102.
34
Let t be 3 + -2 - 63 - -5. Let j = 80 + t. What is the greatest common divisor of 23 and j?
23
Suppose -3*b - 15 + 117 = 0. Let u = -26 + b. Let n be (-60)/9*(-12)/5. Calculate the highest common factor of u and n.
8
Let q = -20 - 2. Let r be (q/(-3) + 0)*3. Let b(a) = 103*a + 2582. Let l be b(-24). Calculate the highest common factor of r and l.
22
Let k = -22 + 29. What is the greatest common divisor of k and 1?
1
Let z = -1072 - -1671. Let s = -399 + z. Suppose h + s = 3*h. Calculate the greatest common divisor of 20 and h.
20
Let c(w) = w**2 - 29*w + 201. Let d be c(34). Calculate the highest common divisor of 53 and d.
53
Let f be ((-17)/4)/((-1)/4 + 0). Calculate the highest common divisor of 153 and f.
17
Let x = 6 + 64. Let n = 17 - 15. Suppose 4*i + n*b = 38, -1 + 6 = i + 5*b. Calculate the highest common divisor of i and x.
10
Let a = 160 - 92. Suppose -32 = -5*d + a. Calculate the highest common divisor of d and 8.
4
Suppose y + 3*y = 0. Suppose y = -7*o + 5*o + 6. Let j be o/15 - (-1278)/10. What is the greatest common factor of 16 and j?
16
Let g be 10 + (-9 - 0) + 10. What is the highest common divisor of g and 44?
11
Let y be (2/6)/((-1)/111). Let j = y - -62. Suppose j = -0*k + 5*k. Calculate the highest common factor of 35 and k.
5
Suppose -a - 540 = -28*a. What is the highest common divisor of a and 320?
20
Let f(x) be the second derivative of x**4/12 - x**3 + 3*x**2/2 - 3*x. Let n be f(6). Let h = n + 1. Calculate the highest common factor of 1 and h.
1
Suppose -2*o = o - 57. Suppose -v = 2*v - 90. Let q = v - o. What is the greatest common divisor of 1 and q?
1
Let g = 710 - -394. Suppose 48*u - 42*u = g. What is the greatest common factor of 23 and u?
23
Let y(g) = -g**2 - 23*g + 40. Let i be y(-24). What is the highest common divisor of 144 and i?
16
Suppose -1222 = -57*n - 37*n. What is the highest common divisor of n and 260?
13
Suppose 0 = 79*g - 84*g + 10. Suppose 2*a - 32 = -g*m, 0 = 5*m - 3*a - a - 62. Calculate the highest common divisor of 182 and m.
14
Let n be 12*(1 - 9/(-4)) - 0. Let v(x) = x**3 - 4*x**2 + x - 4. Let o be v(4). Let r be n + o - (3 - 0). Calculate the highest common factor of r and 54.
18
Let z(s) = s**2 + 55*s + 438. Let w be z(-8). Calculate the greatest common divisor of w and 279.
31
Let b be (-15)/(-12)*(-1315)/25*-4. Let p = b - 151. Calculate the greatest common divisor of p and 16.
16
Let v be (18/4)/(6/64). Suppose 0 = 4*g - 5*o - 1 - 2, 0 = 5*g + 4*o - 14. Suppose b = -g*b + v. What is the greatest common divisor of b and 2?
2
Let l(c) = c**2 + 2*c - 12. Let w be l(-6). Let r be w/(-24)*60/(-2). Calculate the highest common divisor of 6 and r.
3
Let q be ((6 - 4) + -2)/(-1). Suppose q = -3*n + 49 + 71. Calculate the highest common divisor of 5 and n.
5
Suppose -2*p = 10 - 30. Let r(t)